{"id":23666,"date":"2016-09-14T10:10:40","date_gmt":"2016-09-14T08:10:40","guid":{"rendered":"http:\/\/deploy.frankfurt-marathon.com\/fr\/course\/struwwelpeter-lauf\/"},"modified":"2026-03-24T11:16:57","modified_gmt":"2026-03-24T09:16:57","slug":"struwwelpeter-lauf","status":"publish","type":"page","link":"https:\/\/www.frankfurt-marathon.com\/fr\/course\/struwwelpeter-lauf\/","title":{"rendered":"Course de Pierre l&rsquo;\u00e9bouriff\u00e9"},"content":{"rendered":"<div class=\"wpb-content-wrapper\"><p>[vc_row full_width=\u00a0\u00bbstretch_row_content_no_spaces\u00a0\u00bb][vc_column][dhsv_vc_header bgimage=\u00a0\u00bb653737&Prime; headline=\u00a0\u00bbSamedi, 25 Octobre 2025&Prime; subline=\u00a0\u00bb11:30 &#8211; 12:30 heures\u00a0\u00bb][dhsv_vc_menu_list anzeigeart=\u00a0\u00bbshow_child\u00a0\u00bb menu_id=\u00a0\u00bb15&Prime;][\/dhsv_vc_header][\/vc_column][\/vc_row][vc_row][vc_column width=\u00a0\u00bb2\/3&Prime;][dhsv_vc_headline_subline headline=\u00a0\u00bbCourse de Pierre l&rsquo;\u00e9bouriff\u00e9\u00a0\u00bb][vc_column_text css=\u00a0\u00bb\u00a0\u00bb]Course de 420 m\u00e8tres pour les enfants \u00e2g\u00e9s de 5 ans \u00e0 9 ans.<\/p>\n<p class=\"bodytext\">D\u00e9part: Samedi, 25 Octobre 2025 \u00e0 11:30 heures au Forum<\/p>\n<p>Vous pouvez vous inscrire <span style=\"color: #ff0000;\"><a style=\"color: #ff0000;\" href=\"https:\/\/in.motionevents-registrations.com\/mainova-frankfurt-marathon-20261756726208905?currentPage=select-competition\">en ligne<\/a><\/span>.<\/p>\n<p class=\"bodytext\">Chaque enfant re\u00e7oit un certificat et un t-shirt (le premier 1.200 depliants).<\/p>\n<p>[\/vc_column_text][vc_empty_space][\/vc_column][vc_column width=\u00a0\u00bb1\/3&Prime;][dhsv_vc_teaserbox title=\u00a0\u00bbMini-Marathon\u00a0\u00bb image=\u00a0\u00bb636187&Prime; link=\u00a0\u00bburl:https%3A%2F%2Fwww.frankfurt-marathon.com%2Ffr%2Fcourse%2Fmini-marathon%2F||target:%20_blank|\u00a0\u00bb][dhsv_vc_video_youtube video_id=\u00a0\u00bbOYCYnY94DSc\u00a0\u00bb][\/vc_column][\/vc_row]<\/p>\n<\/div>","protected":false},"excerpt":{"rendered":"<p>[vc_row full_width=\u00a0\u00bbstretch_row_content_no_spaces\u00a0\u00bb][vc_column][dhsv_vc_header bgimage=\u00a0\u00bb653737&Prime; headline=\u00a0\u00bbSamedi, 25 Octobre 2025&Prime; subline=\u00a0\u00bb11:30 &#8211; 12:30 heures\u00a0\u00bb][dhsv_vc_menu_list anzeigeart=\u00a0\u00bbshow_child\u00a0\u00bb menu_id=\u00a0\u00bb15&Prime;][\/dhsv_vc_header][\/vc_column][\/vc_row][vc_row][vc_column width=\u00a0\u00bb2\/3&Prime;][dhsv_vc_headline_subline headline=\u00a0\u00bbCourse de Pierre l&rsquo;\u00e9bouriff\u00e9\u00a0\u00bb][vc_column_text css=\u00a0\u00bb\u00a0\u00bb]Course de 420 m\u00e8tres pour les enfants \u00e2g\u00e9s de 5 ans \u00e0 9 ans. D\u00e9part: Samedi, 25 Octobre 2025 \u00e0 11:30 heures au Forum Vous pouvez vous inscrire en ligne. Chaque enfant re\u00e7oit un certificat et un <a class=\"moretag\" href=\"https:\/\/www.frankfurt-marathon.com\/fr\/course\/struwwelpeter-lauf\/\">ganzen Artikel lesen&#8230;<\/a><\/p>\n","protected":false},"author":5,"featured_media":0,"parent":23642,"menu_order":9,"comment_status":"closed","ping_status":"closed","template":"","meta":{"_acf_changed":false,"footnotes":""},"yst_prominent_words":[16967,12134],"class_list":["post-23666","page","type-page","status-publish","hentry"],"acf":[],"_links":{"self":[{"href":"https:\/\/www.frankfurt-marathon.com\/fr\/wp-json\/wp\/v2\/pages\/23666","targetHints":{"allow":["GET"]}}],"collection":[{"href":"https:\/\/www.frankfurt-marathon.com\/fr\/wp-json\/wp\/v2\/pages"}],"about":[{"href":"https:\/\/www.frankfurt-marathon.com\/fr\/wp-json\/wp\/v2\/types\/page"}],"author":[{"embeddable":true,"href":"https:\/\/www.frankfurt-marathon.com\/fr\/wp-json\/wp\/v2\/users\/5"}],"replies":[{"embeddable":true,"href":"https:\/\/www.frankfurt-marathon.com\/fr\/wp-json\/wp\/v2\/comments?post=23666"}],"version-history":[{"count":6,"href":"https:\/\/www.frankfurt-marathon.com\/fr\/wp-json\/wp\/v2\/pages\/23666\/revisions"}],"predecessor-version":[{"id":682216,"href":"https:\/\/www.frankfurt-marathon.com\/fr\/wp-json\/wp\/v2\/pages\/23666\/revisions\/682216"}],"up":[{"embeddable":true,"href":"https:\/\/www.frankfurt-marathon.com\/fr\/wp-json\/wp\/v2\/pages\/23642"}],"wp:attachment":[{"href":"https:\/\/www.frankfurt-marathon.com\/fr\/wp-json\/wp\/v2\/media?parent=23666"}],"wp:term":[{"taxonomy":"yst_prominent_words","embeddable":true,"href":"https:\/\/www.frankfurt-marathon.com\/fr\/wp-json\/wp\/v2\/yst_prominent_words?post=23666"}],"curies":[{"name":"wp","href":"https:\/\/api.w.org\/{rel}","templated":true}]}}

Course de Pierre l&rsquo;ébouriffé

<div class="wpb-content-wrapper"><p>[vc_row full_width= »stretch_row_content_no_spaces »][vc_column][dhsv_vc_header bgimage= »653737&Prime; headline= »Samedi, 25 Octobre 2025&Prime; subline= »11:30 &#8211; 12:30 heures »][dhsv_vc_menu_list anzeigeart= »show_child » menu_id= »15&Prime;][/dhsv_vc_header][/vc_column][/vc_row][vc_row][vc_column width= »2/3&Prime;][dhsv_vc_headline_subline headline= »Course de Pierre l&rsquo;ébouriffé »][vc_column_text css= » »]Course de 420 mètres pour les enfants âgés de 5 ans à 9 ans.</p>
<p class="bodytext">Départ: Samedi, 25 Octobre 2025 à 11:30 heures au Forum</p>
<p>Vous pouvez vous inscrire <span style="color: #ff0000;"><a style="color: #ff0000;" href="https://in.motionevents-registrations.com/mainova-frankfurt-marathon-20261756726208905?currentPage=select-competition">en ligne</a></span>.</p>
<p class="bodytext">Chaque enfant reçoit un certificat et un t-shirt (le premier 1.200 depliants).</p>
<p>[/vc_column_text][vc_empty_space][/vc_column][vc_column width= »1/3&Prime;][dhsv_vc_teaserbox title= »Mini-Marathon » image= »636187&Prime; link= »url:https%3A%2F%2Fwww.frankfurt-marathon.com%2Ffr%2Fcourse%2Fmini-marathon%2F||target:%20_blank| »][dhsv_vc_video_youtube video_id= »OYCYnY94DSc »][/vc_column][/vc_row]</p>
</div>

<p>[vc_row full_width= »stretch_row_content_no_spaces »][vc_column][dhsv_vc_header bgimage= »653737&Prime; headline= »Samedi, 25 Octobre 2025&Prime; subline= »11:30 &#8211; 12:30 heures »][dhsv_vc_menu_list anzeigeart= »show_child » menu_id= »15&Prime;][/dhsv_vc_header][/vc_column][/vc_row][vc_row][vc_column width= »2/3&Prime;][dhsv_vc_headline_subline headline= »Course de Pierre l&rsquo;ébouriffé »][vc_column_text css= » »]Course de 420 mètres pour les enfants âgés de 5 ans à 9 ans. Départ: Samedi, 25 Octobre 2025 à 11:30 heures au Forum Vous pouvez vous inscrire en ligne. Chaque enfant reçoit un certificat et un <a class="moretag" href="https://www.frankfurt-marathon.com/fr/course/struwwelpeter-lauf/">ganzen Artikel lesen&#8230;</a></p>
